{"id":272,"date":"2016-11-20T16:14:25","date_gmt":"2016-11-20T16:14:25","guid":{"rendered":"http:\/\/slavkasekulic.from.hr\/?page_id=272"},"modified":"2016-11-20T16:15:46","modified_gmt":"2016-11-20T16:15:46","slug":"moramo-biti-svjetiljka-sebi-samima","status":"publish","type":"page","link":"http:\/\/slavkasekulic.from.hr\/?page_id=272","title":{"rendered":"Moramo biti svjetiljka sebi samima"},"content":{"rendered":"<p><img loading=\"lazy\" class=\"alignnone wp-image-273 size-full\" src=\"http:\/\/slavkasekulic.from.hr\/files\/2016\/11\/rumicandle.jpg\" alt=\"rumicandle\" width=\"1893\" height=\"1112\" srcset=\"http:\/\/slavkasekulic.from.hr\/files\/2016\/11\/rumicandle.jpg 1893w, http:\/\/slavkasekulic.from.hr\/files\/2016\/11\/rumicandle-300x176.jpg 300w, http:\/\/slavkasekulic.from.hr\/files\/2016\/11\/rumicandle-768x451.jpg 768w, http:\/\/slavkasekulic.from.hr\/files\/2016\/11\/rumicandle-1024x602.jpg 1024w\" sizes=\"(max-width: 1893px) 100vw, 1893px\" \/><\/p>\n<p><b>\u201eMoramo biti svjetiljka sebi samima\u201c- <\/b><span style=\"font-weight: 400\">jedne od posljednjih rije\u010di Buddhe. \u00a0<\/span><\/p>\n<p><i><span style=\"font-weight: 400\">Morate biti prisutni da bi ste dobili (natpis u kockarnici \u00a0Las Vegasa).<\/span><\/i><\/p>\n<p><span style=\"font-weight: 400\">Svako ljudsko bi\u0107e te\u017ei sretnijem i zadovoljnijem \u017eivotu. Ponekad na\u0161a nastojanja zavr\u0161e u slijepoj ulici i ne dobijemo o\u010dekivano. \u00a0Imamo osje\u0107aj da dajemo sve od sebe, a ipak ne ide. \u00a0<\/span><\/p>\n<p><span style=\"font-weight: 400\">Promjena u na\u0161em \u017eivotu zahtijeva na\u0161u prisutnost, povezanost s nama samima. Biti u sada\u0161njosti i biti prisutan je po\u010detak i kraj duhovne prakse. Samo u ovom trenutku mo\u017eemo biti u bezvremenom, ovdje i sada sa svim emocijama na\u0161eg bi\u0107a. Pro\u0161lost je sje\u0107anje, a budu\u0107nost iluzija. U sada\u0161njem trenutku mo\u017eemo osjetiti ljubav, radost, prona\u0107i mir i biti povezani sa sobom i svojim okru\u017eenjem. <\/span><\/p>\n<p><span style=\"font-weight: 400\">\u010cesto \u017eivimo \u017eivote u o\u010dekivanjima, planovima i vizijama za budu\u0107nost dok iz pro\u0161losti nosimo krivnju, strahove, sram i bol. \u00a0Ako napustimo pro\u0161lost i budu\u0107nost mo\u0107i \u0107emo osjetiti tko smo sada. Znat \u0107emo kako se osje\u0107amo, kako do\u017eivljavamo na\u0161u okolinu. Suo\u010diti se s tim dijelovima nas zna\u010di imati hrabrosti susresti se sa izbjegavanim emocijama.<\/span><\/p>\n<p><i><span style=\"font-weight: 400\">Biti svjetiljka sebi samima<\/span><\/i><span style=\"font-weight: 400\"> je hrabar \u010din susreta sa svim bolima, tugama, tajnim nadama, gubicima, sa svime \u0161to najdublje dira na\u0161e bi\u0107e. To je prekid rata nas samih sa sobom. Prestajemo se boriti, strahovati, \u00a0prestajemo biti ono \u0161to nismo. Na\u0161om odlukom da prihvatimo sebe kakvi jesmo prona\u0107i \u0107emo dijelove nas od kojih smo bje\u017eali. Naj\u010de\u0161\u0107e su to na\u0161a bol, usamljenost, bezvrijednost, sram, neispunjene \u017eelje i o\u010dekivanja. \u00a0Ta mjesta u nama \u00a0moramo dota\u0107i s puno suosje\u0107anja, strpljenja i prihva\u0107anja \u00a0kako bi ih mijenjali s ljubavlju.<\/span><\/p>\n<p><span style=\"font-weight: 400\">\u017divjeti u sada\u0161njosti je na\u0161a stalna prisutnost. Iako \u0107e nas misli \u010desto odvoditi u neka druga mjesta, na\u0161om prisutno\u0161\u0107u, oslu\u0161kivanjem bit \u0107emo u kontaktu sa sobom. \u00a0Spoznat \u0107emo da svaka stvar koje se bojimo ili za kojom \u010deznemo (dvije strane istog nezadovoljstva) nas odvode van na\u0161eg srca, van zadovoljstva u \u017eivotu, u la\u017enu ideju o tome kakav \u017eivot bi nas ispunio. Nau\u010deni smo biti ograni\u010deni strahom i poistovje\u0107eni sa potrebama. To zapravo govori da na\u0161u sre\u0107u vezujemo za posjedovanje nekoga ili ne\u010dega.<\/span><\/p>\n<p><span style=\"font-weight: 400\">Kada ne bje\u017eimo od toga da osjetimo strah, bol, nezadovoljstvo, neispunjene potrebe i izbjegavane pote\u0161ko\u0107e, na\u0161e srce postaje emotivno otvorenije i mek\u0161e. Hrabrost je suo\u010diti se sa pote\u0161ko\u0107ama i jedini je put prema sebi. \u00a0Izreka \u201e<\/span><i><span style=\"font-weight: 400\">Drhtanje \u010distog srca\u201c <\/span><\/i><span style=\"font-weight: 400\">nosi \u00a0poruku, dopustimo sebi da nas emocije dotaknu. To zna\u010di do\u0107i u kontakt sa srcem, dozvoliti mu da osje\u0107a. Osje\u0107ati emocije zna\u010di biti \u017eiv u potpunosti. To je mjesto spoznaje u nama \u00a0koje prihva\u0107a na\u0161u \u00a0bol i razumije da je ima u svakom ljudskom bi\u0107u.<\/span><\/p>\n<p><span style=\"font-weight: 400\">Na\u0111ite vrijeme za sebe sjedite mirno, dotaknite mjesto u sebi koje vas povezuje sa srcem. Sa srcem mo\u017eete pri\u010dati kao sa starim prijateljem. Stare kulture su to znale. Dana\u0161nja \u017eivotna \u00a0u\u017eurbanost odvela nas je od tog toliko bitnog dijela na\u0161eg \u017eivota. <\/span><\/p>\n<p><span style=\"font-weight: 400\">Budite iskreni sa sobom. Pogledajte svoj \u017eivot bez idealizma, sentimentalnosti i pretjerivanja i pitajte sebe:<\/span><\/p>\n<p><span style=\"font-weight: 400\"> \u00a0\u201e<\/span><i><span style=\"font-weight: 400\">U \u0161to ula\u017eem svoje vrijeme, kreativnost, ljubav, energiju?<\/span><\/i><\/p>\n<p><i><span style=\"font-weight: 400\"> \u00a0Je li ono \u0161to odabirem u \u017eivotu, zaista ono \u0161to istinski cijenim, \u0161to me ispunjava i \u010dini otvorenim i radosnim?\u201c<\/span><\/i><\/p>\n<p><span style=\"font-weight: 400\">Na\u0161 \u017eivot je dragocjen da bi ga pro\u017eivjeli neispunjeno. \u017divot s potpunom prisutno\u0161\u0107u donosi \u00a0nam osje\u0107ajnu promjenu. \u00a0Put prema srcu mo\u017ee potrajati, trebat \u0107e nam neko vrijeme da dotaknemo istinu u sebi, da damo slobodu svom istinskom bi\u0107u, svojoj \u017eivotnoj energiji. Ako ga ne slijedimo \u00a0izgubit \u0107e se zauvijek jer ne mo\u017ee postojati kroz nikog drugog osim kroz nas. Koliko god da traje, to je na\u0161 put, jedini put do istinskog sebe.<\/span><\/p>\n","protected":false},"excerpt":{"rendered":"<p>\u201eMoramo biti svjetiljka sebi samima\u201c- jedne od posljednjih rije\u010di Buddhe. \u00a0 Morate biti prisutni da bi ste dobili (natpis u kockarnici \u00a0Las Vegasa). Svako ljudsko bi\u0107e te\u017ei sretnijem i zadovoljnijem \u017eivotu. Ponekad na\u0161a nastojanja zavr\u0161e u slijepoj ulici i ne dobijemo o\u010dekivano. \u00a0Imamo osje\u0107aj da dajemo sve od sebe, a&#133;<\/p>\n","protected":false},"author":1227,"featured_media":0,"parent":0,"menu_order":0,"comment_status":"closed","ping_status":"closed","template":"","meta":{"ngg_post_thumbnail":0},"yoast_head":"<!-- This site is optimized with the Yoast SEO plugin v17.5 - https:\/\/yoast.com\/wordpress\/plugins\/seo\/ -->\n<meta name=\"robots\" content=\"index, follow, max-snippet:-1, max-image-preview:large, max-video-preview:-1\" \/>\n<link rel=\"canonical\" href=\"http:\/\/slavkasekulic.from.hr\/?page_id=272\" \/>\n<meta property=\"og:locale\" content=\"hr_HR\" \/>\n<meta property=\"og:type\" content=\"article\" \/>\n<meta property=\"og:title\" content=\"Moramo biti svjetiljka sebi samima - Zlatna iskra\" \/>\n<meta property=\"og:description\" content=\"\u201eMoramo biti svjetiljka sebi samima\u201c- jedne od posljednjih rije\u010di Buddhe. \u00a0 Morate biti prisutni da bi ste dobili (natpis u kockarnici \u00a0Las Vegasa). Svako ljudsko bi\u0107e te\u017ei sretnijem i zadovoljnijem \u017eivotu. Ponekad na\u0161a nastojanja zavr\u0161e u slijepoj ulici i ne dobijemo o\u010dekivano. \u00a0Imamo osje\u0107aj da dajemo sve od sebe, a&#133;\" \/>\n<meta property=\"og:url\" content=\"http:\/\/slavkasekulic.from.hr\/?page_id=272\" \/>\n<meta property=\"og:site_name\" content=\"Zlatna iskra\" \/>\n<meta property=\"article:modified_time\" content=\"2016-11-20T16:15:46+00:00\" \/>\n<meta property=\"og:image\" content=\"http:\/\/slavkasekulic.from.hr\/files\/2016\/11\/rumicandle.jpg\" \/>\n<meta name=\"twitter:card\" content=\"summary\" \/>\n<meta name=\"twitter:label1\" content=\"Procijenjeno vrijeme \u010ditanja\" \/>\n\t<meta name=\"twitter:data1\" content=\"3 minute\" \/>\n<script type=\"application\/ld+json\" class=\"yoast-schema-graph\">{\"@context\":\"https:\/\/schema.org\",\"@graph\":[{\"@type\":\"WebSite\",\"@id\":\"http:\/\/slavkasekulic.from.hr\/#website\",\"url\":\"http:\/\/slavkasekulic.from.hr\/\",\"name\":\"Zlatna iskra\",\"description\":\"\",\"potentialAction\":[{\"@type\":\"SearchAction\",\"target\":{\"@type\":\"EntryPoint\",\"urlTemplate\":\"http:\/\/slavkasekulic.from.hr\/?s={search_term_string}\"},\"query-input\":\"required name=search_term_string\"}],\"inLanguage\":\"hr\"},{\"@type\":\"ImageObject\",\"@id\":\"http:\/\/slavkasekulic.from.hr\/?page_id=272#primaryimage\",\"inLanguage\":\"hr\",\"url\":\"http:\/\/slavkasekulic.from.hr\/files\/2016\/11\/rumicandle.jpg\",\"contentUrl\":\"http:\/\/slavkasekulic.from.hr\/files\/2016\/11\/rumicandle.jpg\"},{\"@type\":\"WebPage\",\"@id\":\"http:\/\/slavkasekulic.from.hr\/?page_id=272#webpage\",\"url\":\"http:\/\/slavkasekulic.from.hr\/?page_id=272\",\"name\":\"Moramo biti svjetiljka sebi samima - Zlatna iskra\",\"isPartOf\":{\"@id\":\"http:\/\/slavkasekulic.from.hr\/#website\"},\"primaryImageOfPage\":{\"@id\":\"http:\/\/slavkasekulic.from.hr\/?page_id=272#primaryimage\"},\"datePublished\":\"2016-11-20T16:14:25+00:00\",\"dateModified\":\"2016-11-20T16:15:46+00:00\",\"breadcrumb\":{\"@id\":\"http:\/\/slavkasekulic.from.hr\/?page_id=272#breadcrumb\"},\"inLanguage\":\"hr\",\"potentialAction\":[{\"@type\":\"ReadAction\",\"target\":[\"http:\/\/slavkasekulic.from.hr\/?page_id=272\"]}]},{\"@type\":\"BreadcrumbList\",\"@id\":\"http:\/\/slavkasekulic.from.hr\/?page_id=272#breadcrumb\",\"itemListElement\":[{\"@type\":\"ListItem\",\"position\":1,\"name\":\"Home\",\"item\":\"http:\/\/slavkasekulic.from.hr\/\"},{\"@type\":\"ListItem\",\"position\":2,\"name\":\"Moramo biti svjetiljka sebi samima\"}]}]}<\/script>\n<!-- \/ Yoast SEO plugin. -->","yoast_head_json":{"robots":{"index":"index","follow":"follow","max-snippet":"max-snippet:-1","max-image-preview":"max-image-preview:large","max-video-preview":"max-video-preview:-1"},"canonical":"http:\/\/slavkasekulic.from.hr\/?page_id=272","og_locale":"hr_HR","og_type":"article","og_title":"Moramo biti svjetiljka sebi samima - Zlatna iskra","og_description":"\u201eMoramo biti svjetiljka sebi samima\u201c- jedne od posljednjih rije\u010di Buddhe. \u00a0 Morate biti prisutni da bi ste dobili (natpis u kockarnici \u00a0Las Vegasa). Svako ljudsko bi\u0107e te\u017ei sretnijem i zadovoljnijem \u017eivotu. Ponekad na\u0161a nastojanja zavr\u0161e u slijepoj ulici i ne dobijemo o\u010dekivano. \u00a0Imamo osje\u0107aj da dajemo sve od sebe, a&#133;","og_url":"http:\/\/slavkasekulic.from.hr\/?page_id=272","og_site_name":"Zlatna iskra","article_modified_time":"2016-11-20T16:15:46+00:00","og_image":[{"url":"http:\/\/slavkasekulic.from.hr\/files\/2016\/11\/rumicandle.jpg"}],"twitter_card":"summary","twitter_misc":{"Procijenjeno vrijeme \u010ditanja":"3 minute"},"schema":{"@context":"https:\/\/schema.org","@graph":[{"@type":"WebSite","@id":"http:\/\/slavkasekulic.from.hr\/#website","url":"http:\/\/slavkasekulic.from.hr\/","name":"Zlatna iskra","description":"","potentialAction":[{"@type":"SearchAction","target":{"@type":"EntryPoint","urlTemplate":"http:\/\/slavkasekulic.from.hr\/?s={search_term_string}"},"query-input":"required name=search_term_string"}],"inLanguage":"hr"},{"@type":"ImageObject","@id":"http:\/\/slavkasekulic.from.hr\/?page_id=272#primaryimage","inLanguage":"hr","url":"http:\/\/slavkasekulic.from.hr\/files\/2016\/11\/rumicandle.jpg","contentUrl":"http:\/\/slavkasekulic.from.hr\/files\/2016\/11\/rumicandle.jpg"},{"@type":"WebPage","@id":"http:\/\/slavkasekulic.from.hr\/?page_id=272#webpage","url":"http:\/\/slavkasekulic.from.hr\/?page_id=272","name":"Moramo biti svjetiljka sebi samima - Zlatna iskra","isPartOf":{"@id":"http:\/\/slavkasekulic.from.hr\/#website"},"primaryImageOfPage":{"@id":"http:\/\/slavkasekulic.from.hr\/?page_id=272#primaryimage"},"datePublished":"2016-11-20T16:14:25+00:00","dateModified":"2016-11-20T16:15:46+00:00","breadcrumb":{"@id":"http:\/\/slavkasekulic.from.hr\/?page_id=272#breadcrumb"},"inLanguage":"hr","potentialAction":[{"@type":"ReadAction","target":["http:\/\/slavkasekulic.from.hr\/?page_id=272"]}]},{"@type":"BreadcrumbList","@id":"http:\/\/slavkasekulic.from.hr\/?page_id=272#breadcrumb","itemListElement":[{"@type":"ListItem","position":1,"name":"Home","item":"http:\/\/slavkasekulic.from.hr\/"},{"@type":"ListItem","position":2,"name":"Moramo biti svjetiljka sebi samima"}]}]}},"_links":{"self":[{"href":"http:\/\/slavkasekulic.from.hr\/index.php?rest_route=\/wp\/v2\/pages\/272"}],"collection":[{"href":"http:\/\/slavkasekulic.from.hr\/index.php?rest_route=\/wp\/v2\/pages"}],"about":[{"href":"http:\/\/slavkasekulic.from.hr\/index.php?rest_route=\/wp\/v2\/types\/page"}],"author":[{"embeddable":true,"href":"http:\/\/slavkasekulic.from.hr\/index.php?rest_route=\/wp\/v2\/users\/1227"}],"replies":[{"embeddable":true,"href":"http:\/\/slavkasekulic.from.hr\/index.php?rest_route=%2Fwp%2Fv2%2Fcomments&post=272"}],"version-history":[{"count":2,"href":"http:\/\/slavkasekulic.from.hr\/index.php?rest_route=\/wp\/v2\/pages\/272\/revisions"}],"predecessor-version":[{"id":275,"href":"http:\/\/slavkasekulic.from.hr\/index.php?rest_route=\/wp\/v2\/pages\/272\/revisions\/275"}],"wp:attachment":[{"href":"http:\/\/slavkasekulic.from.hr\/index.php?rest_route=%2Fwp%2Fv2%2Fmedia&parent=272"}],"curies":[{"name":"wp","href":"https:\/\/api.w.org\/{rel}","templated":true}]}}