{"id":56,"date":"2014-03-19T11:47:32","date_gmt":"2014-03-19T11:47:32","guid":{"rendered":"http:\/\/slavkasekulic.from.hr\/?page_id=56"},"modified":"2017-04-26T12:54:19","modified_gmt":"2017-04-26T12:54:19","slug":"o-meni","status":"publish","type":"page","link":"http:\/\/slavkasekulic.from.hr\/?page_id=56","title":{"rendered":"O meni"},"content":{"rendered":"<p><strong>Slavka Sekuli\u0107<\/strong><br \/>\nIntegrativni terapeut<\/p>\n<ul>\n<li>Snowlion Center School HR- Centar za integrativni razvoj 2004-2008<\/li>\n<li>Napredni trening&nbsp; CIR&nbsp;&nbsp; 2008-2009<\/li>\n<li>Tuina masa\u017ea KTM (kineska tradicion. medicina) Beladona Ljubljana&nbsp; 1999-2000<\/li>\n<\/ul>\n<p>&nbsp;<\/p>\n<p><strong>Individualan rad:<\/strong><br \/>\nTerapije podrazumijevaju pra\u0107enje i podr\u017eavanje osobe dok prolazi kroz emotivne procese. Bilo koja emocija, ljutnja, tuga, bol, sram, krivnja \u2026.&nbsp; su nastale iz nekog razloga. Na terapiji \u0107ete do\u0107i u kontakt sa njima i uzrokom njihovog nastanka. Na taj na\u010din napu\u0161taju se stari neispunjavaju\u0107i obrasci pona\u0161anja a usvajaju novi koji donose ugodu i zadovoljstvo u \u017eivot.<\/p>\n<p><strong>Radionice:<\/strong><br \/>\nRad u grupi daje mogu\u0107nost br\u017eeg povezivanja sa svojim emocijama dok se prate procesi u grupi. Grupa daje osje\u0107aj podr\u0161ke, pripadanja&nbsp; i povezivanja na dubljem nivou. Naj\u010de\u0161\u0107e ne iznosimo svoje emocije, mo\u017eda&nbsp; netko prvi put pri\u010da o sebi i do\u017eivljava da ga se \u010duje , da se njegovi osje\u0107aji vrednuju.<\/p>\n<p><strong>Iz medija:<br \/>\n<\/strong><a href=\"http:\/\/www.ezadar.rtl.hr\/ostalo\/intervjui\/2027497\/slavka-sekulic-integrativna-terapeutkinja-oprostiti-voljeti-traziti-svoju-svrhu\/\">Slavka Sekuli\u0107, integrativna terapeutkinja: Oprostiti, voljeti, tra\u017eiti svoju svrhu (ezadar)<\/a><\/p>\n","protected":false},"excerpt":{"rendered":"<p>Slavka Sekuli\u0107 Integrativni terapeut Snowlion Center School HR- Centar za integrativni razvoj 2004-2008 Napredni trening&nbsp; CIR&nbsp;&nbsp; 2008-2009 Tuina masa\u017ea KTM (kineska tradicion. medicina) Beladona Ljubljana&nbsp; 1999-2000 &nbsp; Individualan rad: Terapije podrazumijevaju pra\u0107enje i podr\u017eavanje osobe dok prolazi kroz emotivne procese. Bilo koja emocija, ljutnja, tuga, bol, sram, krivnja \u2026.&nbsp; su&#133;<\/p>\n","protected":false},"author":1,"featured_media":0,"parent":0,"menu_order":0,"comment_status":"closed","ping_status":"closed","template":"","meta":{"ngg_post_thumbnail":0},"yoast_head":"<!-- This site is optimized with the Yoast SEO plugin v17.5 - https:\/\/yoast.com\/wordpress\/plugins\/seo\/ -->\n<meta name=\"robots\" content=\"index, follow, max-snippet:-1, max-image-preview:large, max-video-preview:-1\" \/>\n<link rel=\"canonical\" href=\"http:\/\/slavkasekulic.from.hr\/?page_id=56\" \/>\n<meta property=\"og:locale\" content=\"hr_HR\" \/>\n<meta property=\"og:type\" content=\"article\" \/>\n<meta property=\"og:title\" content=\"O meni - Zlatna iskra\" \/>\n<meta property=\"og:description\" content=\"Slavka Sekuli\u0107 Integrativni terapeut Snowlion Center School HR- Centar za integrativni razvoj 2004-2008 Napredni trening&nbsp; CIR&nbsp;&nbsp; 2008-2009 Tuina masa\u017ea KTM (kineska tradicion. medicina) Beladona Ljubljana&nbsp; 1999-2000 &nbsp; Individualan rad: Terapije podrazumijevaju pra\u0107enje i podr\u017eavanje osobe dok prolazi kroz emotivne procese. Bilo koja emocija, ljutnja, tuga, bol, sram, krivnja \u2026.&nbsp; su&#133;\" \/>\n<meta property=\"og:url\" content=\"http:\/\/slavkasekulic.from.hr\/?page_id=56\" \/>\n<meta property=\"og:site_name\" content=\"Zlatna iskra\" \/>\n<meta property=\"article:modified_time\" content=\"2017-04-26T12:54:19+00:00\" \/>\n<meta name=\"twitter:card\" content=\"summary\" \/>\n<meta name=\"twitter:label1\" content=\"Procijenjeno vrijeme \u010ditanja\" \/>\n\t<meta name=\"twitter:data1\" content=\"1 minuta\" \/>\n<script type=\"application\/ld+json\" class=\"yoast-schema-graph\">{\"@context\":\"https:\/\/schema.org\",\"@graph\":[{\"@type\":\"WebSite\",\"@id\":\"http:\/\/slavkasekulic.from.hr\/#website\",\"url\":\"http:\/\/slavkasekulic.from.hr\/\",\"name\":\"Zlatna iskra\",\"description\":\"\",\"potentialAction\":[{\"@type\":\"SearchAction\",\"target\":{\"@type\":\"EntryPoint\",\"urlTemplate\":\"http:\/\/slavkasekulic.from.hr\/?s={search_term_string}\"},\"query-input\":\"required name=search_term_string\"}],\"inLanguage\":\"hr\"},{\"@type\":\"WebPage\",\"@id\":\"http:\/\/slavkasekulic.from.hr\/?page_id=56#webpage\",\"url\":\"http:\/\/slavkasekulic.from.hr\/?page_id=56\",\"name\":\"O meni - Zlatna iskra\",\"isPartOf\":{\"@id\":\"http:\/\/slavkasekulic.from.hr\/#website\"},\"datePublished\":\"2014-03-19T11:47:32+00:00\",\"dateModified\":\"2017-04-26T12:54:19+00:00\",\"breadcrumb\":{\"@id\":\"http:\/\/slavkasekulic.from.hr\/?page_id=56#breadcrumb\"},\"inLanguage\":\"hr\",\"potentialAction\":[{\"@type\":\"ReadAction\",\"target\":[\"http:\/\/slavkasekulic.from.hr\/?page_id=56\"]}]},{\"@type\":\"BreadcrumbList\",\"@id\":\"http:\/\/slavkasekulic.from.hr\/?page_id=56#breadcrumb\",\"itemListElement\":[{\"@type\":\"ListItem\",\"position\":1,\"name\":\"Home\",\"item\":\"http:\/\/slavkasekulic.from.hr\/\"},{\"@type\":\"ListItem\",\"position\":2,\"name\":\"O meni\"}]}]}<\/script>\n<!-- \/ Yoast SEO plugin. -->","yoast_head_json":{"robots":{"index":"index","follow":"follow","max-snippet":"max-snippet:-1","max-image-preview":"max-image-preview:large","max-video-preview":"max-video-preview:-1"},"canonical":"http:\/\/slavkasekulic.from.hr\/?page_id=56","og_locale":"hr_HR","og_type":"article","og_title":"O meni - Zlatna iskra","og_description":"Slavka Sekuli\u0107 Integrativni terapeut Snowlion Center School HR- Centar za integrativni razvoj 2004-2008 Napredni trening&nbsp; CIR&nbsp;&nbsp; 2008-2009 Tuina masa\u017ea KTM (kineska tradicion. medicina) Beladona Ljubljana&nbsp; 1999-2000 &nbsp; Individualan rad: Terapije podrazumijevaju pra\u0107enje i podr\u017eavanje osobe dok prolazi kroz emotivne procese. Bilo koja emocija, ljutnja, tuga, bol, sram, krivnja \u2026.&nbsp; su&#133;","og_url":"http:\/\/slavkasekulic.from.hr\/?page_id=56","og_site_name":"Zlatna iskra","article_modified_time":"2017-04-26T12:54:19+00:00","twitter_card":"summary","twitter_misc":{"Procijenjeno vrijeme \u010ditanja":"1 minuta"},"schema":{"@context":"https:\/\/schema.org","@graph":[{"@type":"WebSite","@id":"http:\/\/slavkasekulic.from.hr\/#website","url":"http:\/\/slavkasekulic.from.hr\/","name":"Zlatna iskra","description":"","potentialAction":[{"@type":"SearchAction","target":{"@type":"EntryPoint","urlTemplate":"http:\/\/slavkasekulic.from.hr\/?s={search_term_string}"},"query-input":"required name=search_term_string"}],"inLanguage":"hr"},{"@type":"WebPage","@id":"http:\/\/slavkasekulic.from.hr\/?page_id=56#webpage","url":"http:\/\/slavkasekulic.from.hr\/?page_id=56","name":"O meni - Zlatna iskra","isPartOf":{"@id":"http:\/\/slavkasekulic.from.hr\/#website"},"datePublished":"2014-03-19T11:47:32+00:00","dateModified":"2017-04-26T12:54:19+00:00","breadcrumb":{"@id":"http:\/\/slavkasekulic.from.hr\/?page_id=56#breadcrumb"},"inLanguage":"hr","potentialAction":[{"@type":"ReadAction","target":["http:\/\/slavkasekulic.from.hr\/?page_id=56"]}]},{"@type":"BreadcrumbList","@id":"http:\/\/slavkasekulic.from.hr\/?page_id=56#breadcrumb","itemListElement":[{"@type":"ListItem","position":1,"name":"Home","item":"http:\/\/slavkasekulic.from.hr\/"},{"@type":"ListItem","position":2,"name":"O meni"}]}]}},"_links":{"self":[{"href":"http:\/\/slavkasekulic.from.hr\/index.php?rest_route=\/wp\/v2\/pages\/56"}],"collection":[{"href":"http:\/\/slavkasekulic.from.hr\/index.php?rest_route=\/wp\/v2\/pages"}],"about":[{"href":"http:\/\/slavkasekulic.from.hr\/index.php?rest_route=\/wp\/v2\/types\/page"}],"author":[{"embeddable":true,"href":"http:\/\/slavkasekulic.from.hr\/index.php?rest_route=\/wp\/v2\/users\/1"}],"replies":[{"embeddable":true,"href":"http:\/\/slavkasekulic.from.hr\/index.php?rest_route=%2Fwp%2Fv2%2Fcomments&post=56"}],"version-history":[{"count":8,"href":"http:\/\/slavkasekulic.from.hr\/index.php?rest_route=\/wp\/v2\/pages\/56\/revisions"}],"predecessor-version":[{"id":373,"href":"http:\/\/slavkasekulic.from.hr\/index.php?rest_route=\/wp\/v2\/pages\/56\/revisions\/373"}],"wp:attachment":[{"href":"http:\/\/slavkasekulic.from.hr\/index.php?rest_route=%2Fwp%2Fv2%2Fmedia&parent=56"}],"curies":[{"name":"wp","href":"https:\/\/api.w.org\/{rel}","templated":true}]}}

<p><strong>Slavka Sekulić</strong><br />
Integrativni terapeut</p>
<ul>
<li>Snowlion Center School HR- Centar za integrativni razvoj 2004-2008</li>
<li>Napredni trening&nbsp; CIR&nbsp;&nbsp; 2008-2009</li>
<li>Tuina masaža KTM (kineska tradicion. medicina) Beladona Ljubljana&nbsp; 1999-2000</li>
</ul>
<p>&nbsp;</p>
<p><strong>Individualan rad:</strong><br />
Terapije podrazumijevaju praćenje i podržavanje osobe dok prolazi kroz emotivne procese. Bilo koja emocija, ljutnja, tuga, bol, sram, krivnja ….&nbsp; su nastale iz nekog razloga. Na terapiji ćete doći u kontakt sa njima i uzrokom njihovog nastanka. Na taj način napuštaju se stari neispunjavajući obrasci ponašanja a usvajaju novi koji donose ugodu i zadovoljstvo u život.</p>
<p><strong>Radionice:</strong><br />
Rad u grupi daje mogućnost bržeg povezivanja sa svojim emocijama dok se prate procesi u grupi. Grupa daje osjećaj podrške, pripadanja&nbsp; i povezivanja na dubljem nivou. Najčešće ne iznosimo svoje emocije, možda&nbsp; netko prvi put priča o sebi i doživljava da ga se čuje , da se njegovi osjećaji vrednuju.</p>
<p><strong>Iz medija:<br />
</strong><a href="http://www.ezadar.rtl.hr/ostalo/intervjui/2027497/slavka-sekulic-integrativna-terapeutkinja-oprostiti-voljeti-traziti-svoju-svrhu/">Slavka Sekulić, integrativna terapeutkinja: Oprostiti, voljeti, tražiti svoju svrhu (ezadar)</a></p>

<p>Slavka Sekulić Integrativni terapeut Snowlion Center School HR- Centar za integrativni razvoj 2004-2008 Napredni trening&nbsp; CIR&nbsp;&nbsp; 2008-2009 Tuina masaža KTM (kineska tradicion. medicina) Beladona Ljubljana&nbsp; 1999-2000 &nbsp; Individualan rad: Terapije podrazumijevaju praćenje i podržavanje osobe dok prolazi kroz emotivne procese. Bilo koja emocija, ljutnja, tuga, bol, sram, krivnja ….&nbsp; su&#133;</p>

<!-- This site is optimized with the Yoast SEO plugin v17.5 - https://yoast.com/wordpress/plugins/seo/ -->
<meta name="robots" content="index, follow, max-snippet:-1, max-image-preview:large, max-video-preview:-1" />
<link rel="canonical" href="http://slavkasekulic.from.hr/?page_id=56" />
<meta property="og:locale" content="hr_HR" />
<meta property="og:type" content="article" />
<meta property="og:title" content="O meni - Zlatna iskra" />
<meta property="og:description" content="Slavka Sekulić Integrativni terapeut Snowlion Center School HR- Centar za integrativni razvoj 2004-2008 Napredni trening&nbsp; CIR&nbsp;&nbsp; 2008-2009 Tuina masaža KTM (kineska tradicion. medicina) Beladona Ljubljana&nbsp; 1999-2000 &nbsp; Individualan rad: Terapije podrazumijevaju praćenje i podržavanje osobe dok prolazi kroz emotivne procese. Bilo koja emocija, ljutnja, tuga, bol, sram, krivnja ….&nbsp; su&#133;" />
<meta property="og:url" content="http://slavkasekulic.from.hr/?page_id=56" />
<meta property="og:site_name" content="Zlatna iskra" />
<meta property="article:modified_time" content="2017-04-26T12:54:19+00:00" />
<meta name="twitter:card" content="summary" />
<meta name="twitter:label1" content="Procijenjeno vrijeme čitanja" />
	<meta name="twitter:data1" content="1 minuta" />
<script type="application/ld+json" class="yoast-schema-graph">{"@context":"https://schema.org","@graph":[{"@type":"WebSite","@id":"http://slavkasekulic.from.hr/#website","url":"http://slavkasekulic.from.hr/","name":"Zlatna iskra","description":"","potentialAction":[{"@type":"SearchAction","target":{"@type":"EntryPoint","urlTemplate":"http://slavkasekulic.from.hr/?s={search_term_string}"},"query-input":"required name=search_term_string"}],"inLanguage":"hr"},{"@type":"WebPage","@id":"http://slavkasekulic.from.hr/?page_id=56#webpage","url":"http://slavkasekulic.from.hr/?page_id=56","name":"O meni - Zlatna iskra","isPartOf":{"@id":"http://slavkasekulic.from.hr/#website"},"datePublished":"2014-03-19T11:47:32+00:00","dateModified":"2017-04-26T12:54:19+00:00","breadcrumb":{"@id":"http://slavkasekulic.from.hr/?page_id=56#breadcrumb"},"inLanguage":"hr","potentialAction":[{"@type":"ReadAction","target":["http://slavkasekulic.from.hr/?page_id=56"]}]},{"@type":"BreadcrumbList","@id":"http://slavkasekulic.from.hr/?page_id=56#breadcrumb","itemListElement":[{"@type":"ListItem","position":1,"name":"Home","item":"http://slavkasekulic.from.hr/"},{"@type":"ListItem","position":2,"name":"O meni"}]}]}</script>
<!-- / Yoast SEO plugin. -->

Slavka Sekulić Integrativni terapeut Snowlion Center School HR- Centar za integrativni razvoj 2004-2008 Napredni trening&nbsp; CIR&nbsp;&nbsp; 2008-2009 Tuina masaža KTM (kineska tradicion. medicina) Beladona Ljubljana&nbsp; 1999-2000 &nbsp; Individualan rad: Terapije podrazumijevaju praćenje i podržavanje osobe dok prolazi kroz emotivne procese. Bilo koja emocija, ljutnja, tuga, bol, sram, krivnja ….&nbsp; su&#133;
